{"id":2744,"date":"2021-01-10T00:58:52","date_gmt":"2021-01-10T00:58:52","guid":{"rendered":"https:\/\/mariaterrero.com\/?post_type=product&#038;p=2744"},"modified":"2021-02-11T14:40:31","modified_gmt":"2021-02-11T14:40:31","slug":"gift-card","status":"publish","type":"product","link":"https:\/\/mariaterrero.com\/index.php\/producto\/gift-card\/","title":{"rendered":"GIFT CARD"},"content":{"rendered":"<p>\u00bfNo sabes exactamente qu\u00e9 regalar? \u00a1Compra una de estas tarjetas regalo y dales la oportunidad de poder decidir!<\/p>\n<p>Sabemos lo importante que es regalar algo especial. Por este motivo lanzamos nuestra Gift Card Virtual, una tarjeta regalo con formato digital en la que podr\u00e1s elegir el importe para regalar a qui\u00e9n desees. Solo tendr\u00e1s que seleccionar el importe deseado, a\u00f1adir un mensaje personalizado y nosotros nos encargaremos del resto.<br \/>\nUna vez que realice la compra, se le enviar\u00e1 un email en el que aparecer\u00e1 la Gift Card con su importe y c\u00f3digo personalizado. Para poder canjear el importe de la tarjeta, deber\u00e1 introducir el c\u00f3digo personalizado en el momento de procesar la compra.<\/p>\n","protected":false},"excerpt":{"rendered":"<p>\u00bfNo sabes exactamente qu\u00e9 regalar? \u00a1Compra una de estas tarjetas regalo y dales la oportunidad de poder decidir!<\/p>\n","protected":false},"featured_media":2956,"comment_status":"open","ping_status":"closed","template":"","meta":[],"_links":{"self":[{"href":"https:\/\/mariaterrero.com\/index.php\/wp-json\/wp\/v2\/product\/2744"}],"collection":[{"href":"https:\/\/mariaterrero.com\/index.php\/wp-json\/wp\/v2\/product"}],"about":[{"href":"https:\/\/mariaterrero.com\/index.php\/wp-json\/wp\/v2\/types\/product"}],"replies":[{"embeddable":true,"href":"https:\/\/mariaterrero.com\/index.php\/wp-json\/wp\/v2\/comments?post=2744"}],"version-history":[{"count":3,"href":"https:\/\/mariaterrero.com\/index.php\/wp-json\/wp\/v2\/product\/2744\/revisions"}],"predecessor-version":[{"id":3011,"href":"https:\/\/mariaterrero.com\/index.php\/wp-json\/wp\/v2\/product\/2744\/revisions\/3011"}],"wp:featuredmedia":[{"embeddable":true,"href":"https:\/\/mariaterrero.com\/index.php\/wp-json\/wp\/v2\/media\/2956"}],"wp:attachment":[{"href":"https:\/\/mariaterrero.com\/index.php\/wp-json\/wp\/v2\/media?parent=2744"}],"curies":[{"name":"wp","href":"https:\/\/api.w.org\/{rel}","templated":true}]}}